uppose 5*i - 10 + x = 0. Suppose -3*d = 3*n + i*n - 222, -4*d - 2*n + 310 = 0. Is d a prime number?
True
Suppose -2*c + 3*g = -436, 5*c - 1090 = -0*c - g. Suppose v + c = -45. Let x = -120 - v. Is x composite?
True
Let p(t) = -1 - 12*t + 10*t - 21*t - t. Is p(-6) composite?
True
Suppose 92 = s - 3*s. Let u = 139 + s. Is u a composite number?
True
Let v(t) = 3*t**2 - 31*t + 25. Is v(18) prime?
True
Let i(a) be the second derivative of -7*a**3/6 - 2*a**2 - a. Is i(-6) composite?
True
Let p = -55 - -168. Is p a composite number?
False
Let k(j) = 9*j**2 - 5*j + 9. Is k(6) composite?
True
Let j be 2/5 + 2/(-5). Suppose -r + 16 = r - 3*c, j = 4*r + 3*c - 14. Suppose -b - 727 = -r*m, -4*b = b + 10. Is m a composite number?
True
Suppose 0 = 5*l + 5. Is 4 - (l - -4) - -370 a prime number?
False
Suppose -432 = 5*s - 2107. Let n(k) = 16*k**2 + 5*k + 2. Let r be n(-4). Let h = s - r. Is h prime?
True
Let u be (-2)/(-11) - 65/55. Let j be 1 + u + 2 + 4. Let k = 13 + j. Is k prime?
True
Suppose 3*u - 24 = -u. Let m = 13 + u. Is m composite?
False
Is (6/(-9))/((-2)/279) composite?
True
Is 0/(-3*(-8)/12) + 1693 a composite number?
False
Let y be -5*(-3)/(-10)*-2. Suppose -t + 203 = -y*u, -t = 2*t - 3*u - 585. Is t prime?
True
Is 1*(-1 + 1) - (-45573)/33 composite?
False
Suppose 4*i = i + 9. Suppose -3*f - 2*w = i*w - 2848, 5*f - 4685 = 4*w. Is f composite?
False
Suppose -4*a + 7*n = 3*n - 1776, -2265 = -5*a - 4*n. Is a prime?
True
Let p = -11 + 15. Suppose -p*t = -41 - 83. Is t composite?
False
Let z be 4*(-3 + 4 - 3). Is 387/36 + (-2)/z composite?
False
Let o(q) = 16*q**2 - 4*q - 1. Is o(3) prime?
True
Let w(f) = f**2 + f + 1. Suppose 2*q - 7*q + 2*v = 18, -3*q + v = 10. Let a be w(q). Suppose -5*k + 265 = 2*y, k + a*k - y = 212. Is k a composite number?
False
Suppose 2*r = r + 4. Let m be 2/r + (-1722)/4. Is m/(-14) + (-4)/(-14) a composite number?
False
Let k be (-37)/7 + 2/7. Let b = -18 + k. Let u = b + 44. Is u prime?
False
Let z(p) = -p**2 - 6*p + 5. Let g be z(-6). Suppose d - g*d + 388 = 0. Is d a composite number?
False
Let a(w) = -w**3 - 18*w**2 - 34*w + 37. Is a(-17) prime?
False
Let p(a) be the first derivative of 5*a - a**2 + 0*a**2 + 2*a**2 + a**2 + 2. Is p(7) prime?
False
Suppose 3*v = -2*v + 190. Let t = -2 - -3. Let j = v - t. Is j a composite number?
False
Let h be (211 - (1 + -4)) + 1. Suppose -6*n + h = -n. Is n a composite number?
False
Is 14*((-10)/(-35) + (-650)/(-28)) prime?
False
Let x = 13 - 3. Suppose -p = 2*p - 2*s - x, -2*p + 6 = -2*s. Suppose 6*j - 29 = -y + p*j, -j - 152 = -4*y. Is y a composite number?
False
Let f = -2011 + 3690. Is f a composite number?
True
Is 12/4 - -1 - -109 a composite number?
False
Suppose 2*j + 875 = 3*h - 1098, h = j + 659. Is h a prime number?
False
Suppose -14 = 4*n - 2, 2*n = -3*t - 18. Let b(z) = -210*z - 2. Let h be b(-3). Is ((-2)/2)/(t/h) composite?
False
Let l be -29 - (-2 + (-20)/(-12))*3. Let p be -1 - 1*164/(-2). Let x = l + p. Is x composite?
False
Let g(q) = -q**3 + 10*q**2 - 15*q + 15. Let u be g(10). Let b = u + 68. Let z = 126 + b. Is z prime?
True
Suppose 4*m - 906 = -2*m. Suppose m = v - 4*p, -4*v + 0*p + 655 = p. Is v a prime number?
True
Suppose 0*d + 4*d = 100. Suppose -4*k + 20 = -f - d, -5*f - 100 = 5*k. Is 2/(-5) + (-585)/f prime?
True
Suppose 3*h - 6587 = 5380. Is h composite?
False
Let s(y) = 4*y**2 + 2*y - 13. Is s(9) a composite number?
True
Suppose -2*j + m + 69 = 0, -2*j + 4*m + 31 = -23. Is j composite?
False
Let n(t) be the second derivative of 11*t**3/6 + 9*t**2/2 + 6*t. Is n(4) a prime number?
True
Let z(h) = -h**2 + 7*h - 3. Let c be z(6). Suppose 5*f + c*u = -9, -2*u = -5*f + 4 + 2. Suppose 4*d - 5*o - 49 - 98 = f, 4*d = 4*o + 144. Is d prime?
False
Let k(b) = -1 + 2 + 0 - 3*b. Is k(-12) a composite number?
False
Suppose -178 = -4*r + 2*r + 4*p, 2*r + 3*p = 206. Let a = -6 - -9. Suppose -r = -a*g + 104. Is g prime?
True
Let g(d) = d**3 + 3*d**2 + 4*d + 4. Let f be g(-4). Let x = f + 46. Suppose -3*r - 2*w + 35 = 0, 4*r - 2*w + x = 46. Is r a prime number?
False
Let s(y) = 18*y**2 - 1. Let a be s(-1). Let z(i) = i**2 - 9*i + 6. Let m be z(7). Let r = m + a. Is r composite?
True
Suppose -a - 1251 = -3694. Is a a composite number?
True
Suppose 4604 = 8*f - 4*f. Is f a prime number?
True
Suppose -5 = k + 4*k. Let u(o) = 7*o. Let c(w) = 1. Let i(p) = k*u(p) - 4*c(p). Is i(-5) a prime number?
True
Is (2/6)/((-3)/(-531)) composite?
False
Let f(q) = 8 + 0 + 0 + 8*q + 42*q. Let n be f(6). Suppose 0 = -5*x - j + 543 + 207, 2*j = -2*x + n. Is x composite?
False
Let t = -95 - -286. Is t a prime number?
True
Let i be ((-20)/(-15))/((-1)/(-15)). Is 4688/10 - (-4)/i composite?
True
Suppose 2*o = -0*o. Let q = 2 + o. Suppose -q = 2*y - 28. Is y composite?
False
Let s be (-1036)/2*4/(-8). Suppose 2*m = 3*c - s, 191 = 2*c + 2*m + 5. Is c prime?
True
Let r(x) be the first derivative of -4*x**2 + 3*x + 4. Let n = 5 - 9. Is r(n) a composite number?
True
Let y be (-2)/6 - 188/12. Let u = y + 22. Suppose -3*h - 41 = -u*h - 4*o, -h = 4*o - 3. Is h a composite number?
False
Let y(r) = -r**2 + 1. Let w(q) = 352*q**2 + 2. Let m(d) = w(d) - y(d). Let i be m(-2). Is i/33 + (-6)/(-33) composite?
False
Let j(f) = -f**3 - f**2 - 2*f - 2. Let y be j(-2). Let b be 84/9 - (-4)/y. Let m = b + -3. Is m a composite number?
False
Suppose 5*q - 45 = -7*u + 2*u, 2*u - 10 = 0. Let t be 35/10 - 2/q. Let n(b) = 5*b - 1. Is n(t) a prime number?
False
Let x(h) = 6*h**2 + h. Let b be x(-1). Let y(p) = p**2 - 5*p + 5. Let i be y(b). Suppose -3*t + 65 = -5*n, 0 = -3*n + i*n + 8. Is t a composite number?
True
Let v(n) = -n**3 + 6*n**2 + 3*n - 3. Let p = 3 - 1. Suppose 0 = -3*o + p*o + 5. Is v(o) prime?
True
Let j = -623 + 1164. Is j composite?
False
Let j(f) = 158*f + 7. Let u be j(-3). Let w = u + 684. Is w a prime number?
False
Suppose 3*t = -2*u + t, 5*t = -2*u - 3. Let q be 1/((-1)/2 + u). Suppose 2*f = -0*f + q*p + 6, -5*f = p - 15. Is f a composite number?
False
Suppose -1244 + 3722 = 14*g. Is g a composite number?
True
Suppose s + 1513 + 771 = 0. Let q be (-2)/(-13) - s/26. Suppose 3*b = 26 + q. Is b a prime number?
False
Let o = 11 + -7. Let u(i) = 4*i**2 - 5*i + 6. Let m be u(o). Is -2 + 0 + m/2 composite?
False
Let t = -10 - -4. Suppose -o + 12 = 2*o. Is (46/o)/(t/(-12)) a prime number?
True
Suppose 146 = 2*r - 32. Is r composite?
False
Is 0 + -1*(-678 + 5) a composite number?
False
Let g be ((-2)/4)/((-2)/8). Let z(v) = -1 - g*v**2 + 2*v**2 + 2*v**2 - 6*v. Is z(-5) composite?
False
Let f be -3 + -5 + (3 - 1). Let h = -16 + -11. Let p = f - h. Is p a composite number?
True
Is ((-2)/(-2))/(2/118) a composite number?
False
Let s(c) = -9*c. Let y be s(2). Let i be (-2)/3 + (-84)/y. Suppose 256 = 2*a - n, -i*a - 219 = n - 725. Is a a composite number?
False
Let x(d) = 55*d**2 + 2*d + 1. Let k(u) = -u**2 + 2*u + 1. Let g be 3/(-6)*-2*-1. Let y be k(g). Is x(y) a prime number?
False
Suppose 95 = -4*p + 9*p. Is p a prime number?
True
Let p = 156 - -85. Suppose 3*f = -4*q + p, 2*f = -0*f - 3*q + 161. Is f composite?
False
Suppose 0 = -4*f - 0*f - 20. Let d(m) = m**3 + 6*m**2 - 5*m - 1. Let c be d(f). Suppose -4*l + 83 = -c. Is l prime?
False
Suppose 54 = 2*w - 392. Is w composite?
False
Let i(r) = r + 4. Suppose -3*q = 2*q + 20. Let s be i(q). Suppose 3*z - 4*n - 42 = s, z - 2*z - 5*n - 5 = 0. Is z a prime number?
False
Suppose 2*i - 26 = -3*i + z, -3*i + 18 = -3*z. Let n(g) = -5 + 2 - 4 + g**2 + 3*g. Is n(i) a prime number?
False
Suppose -5*d + 616 = 2*z, 0*z = 5*d + z - 613. Is d prime?
False
Suppose -5*j = -x - 16, 0*x = x + 1. Let d(p) = 0*p**2 + 2*p + 2*p - 1 - p**j + 0*p**3 + 4*p**2. Is d(-4) composite?
True
Suppose 0 = -4*d + j + 9435, -3*j + 9439 = 3*d + d. Is d composite?
True
Suppose 7*a = 8*a + 1. Suppose -4*r + 6 - 2 = 0. Is a/(-1)*(r - -93) a prime number?
False
Let t(c) = c - 5 + 4 - 1. Let x be t(5). Suppose -d + 46 = x. Is d a prime number?
True
Suppose -f + 11 = -4*d - 8, 2*d - 7 = -5*f. Suppose f*w - 36 = 4*v, w + 6*v = v - 7. Suppose -502 = -3*o + o - 3*p, -2*p - w = 0. Is o a composite number?
False
Let j(w) = w**2 + 8*w - 5. Let b = 0 + 8. Is j(b) a prime number?
False
Suppose -224 = -5*s + 111. Is s prime?
True
Suppose 0*v = -5*p + 5*v + 70, p = 4*v + 26. Let c(j) be the first derivative